 of 85744?
5
What is the hundreds digit of 1138?
1
What is the thousands digit of 7560?
7
What is the ten thousands digit of 30386?
3
What is the hundreds digit of 28748?
7
What is the thousands digit of 4246?
4
What is the hundreds digit of 142?
1
What is the hundreds digit of 1024?
0
What is the ten thousands digit of 21811?
2
What is the hundreds digit of 966?
9
What is the hundreds digit of 2618?
6
What is the units digit of 42023?
3
What is the units digit of 78105?
5
What is the hundreds digit of 9879?
8
What is the hundreds digit of 17179?
1
What is the thousands digit of 8002?
8
What is the hundreds digit of 155080?
0
What is the units digit of 85596?
6
What is the hundreds digit of 371?
3
What is the units digit of 75769?
9
What is the thousands digit of 3812?
3
What is the hundreds digit of 8932?
9
What is the tens digit of 12660?
6
What is the tens digit of 40636?
3
What is the hundreds digit of 24984?
9
What is the units digit of 121?
1
What is the units digit of 507?
7
What is the tens digit of 6026?
2
What is the tens digit of 187?
8
What is the units digit of 68651?
1
What is the ten thousands digit of 27035?
2
What is the thousands digit of 1107?
1
What is the tens digit of 76950?
5
What is the units digit of 1513?
3
What is the hundreds digit of 1619?
6
What is the tens digit of 3533?
3
What is the tens digit of 626?
2
What is the units digit of 1708?
8
What is the tens digit of 35142?
4
What is the thousands digit of 28155?
8
What is the tens digit of 7747?
4
What is the units digit of 52010?
0
What is the thousands digit of 1339?
1
What is the units digit of 19040?
0
What is the thousands digit of 23131?
3
What is the units digit of 6755?
5
What is the tens digit of 4792?
9
What is the hundreds digit of 975?
9
What is the tens digit of 2729?
2
What is the tens digit of 139?
3
What is the tens digit of 181?
8
What is the tens digit of 53420?
2
What is the units digit of 74499?
9
What is the tens digit of 38?
3
What is the tens digit of 11948?
4
What is the ten thousands digit of 21677?
2
What is the hundreds digit of 990?
9
What is the thousands digit of 5428?
5
What is the tens digit of 15060?
6
What is the hundreds digit of 622?
6
What is the thousands digit of 15925?
5
What is the thousands digit of 4734?
4
What is the thousands digit of 2362?
2
What is the thousands digit of 2199?
2
What is the units digit of 1910?
0
What is the thousands digit of 3914?
3
What is the ten thousands digit of 34930?
3
What is the thousands digit of 7147?
7
What is the thousands digit of 37308?
7
What is the units digit of 17108?
8
What is the units digit of 25728?
8
What is the units digit of 1139?
9
What is the units digit of 4005?
5
What is the units digit of 3351?
1
What is the tens digit of 8696?
9
What is the units digit of 235?
5
What is the tens digit of 539?
3
What is the hundreds digit of 911?
9
What is the hundreds digit of 754?
7
What is the units digit of 631?
1
What is the ten thousands digit of 38980?
3
What is the tens digit of 3714?
1
What is the tens digit of 1125?
2
What is the units digit of 7008?
8
What is the tens digit of 6220?
2
What is the thousands digit of 1264?
1
What is the tens digit of 1520?
2
What is the thousands digit of 20970?
0
What is the units digit of 43?
3
What is the units digit of 29663?
3
What is the thousands digit of 4604?
4
What is the units digit of 882?
2
What is the tens digit of 595?
9
What is the tens digit of 1117?
1
What is the units digit of 11833?
3
What is the tens digit of 9100?
0
What is the units digit of 5423?
3
What is the hundreds digit of 6385?
3
What is the units digit of 895?
5
What is the thousands digit of 2616?
2
What is the thousands digit of 53186?
3
What is the thousands digit of 7432?
7
What is the units digit of 278?
8
What is the tens digit of 196?
9
What is the tens digit of 11771?
7
What is the hundreds digit of 76087?
0
What is the units digit of 5?
5
What is the units digit of 4?
4
What is the units digit of 9905?
5
What is the tens digit of 9636?
3
What is the tens digit of 2355?
5
What is the thousands digit of 58474?
8
What is the units digit of 467?
7
What is the hundreds digit of 6057?
0
What is the ten thousands digit of 13336?
1
What is the units digit of 573?
3
What is the units digit of 6473?
3
What is the units digit of 3231?
1
What is the thousands digit of 66319?
6
What is the thousands digit of 51517?
1
What is the units digit of 29062?
2
What is the hundreds digit of 230?
2
What is the tens digit of 112244?
4
What is the tens digit of 849?
4
What is the hundreds digit of 1602?
6
What is the units digit of 1030?
0
What is the tens digit of 4842?
4
What is the tens digit of 86998?
9
What is the tens digit of 1640?
4
What is the units digit of 9588?
8
What is the ten thousands digit of 42543?
4
What is the thousands digit of 94482?
4
What is the tens digit of 1489?
8
What is the hundreds digit of 1583?
5
What is the ten thousands digit of 23360?
2
What is the units digit of 3280?
0
What is the ten thousands digit of 18213?
1
What is the units digit of 3824?
4
What is the hundreds digit of 2402?
4
What is the units digit of 27243?
3
What is the units digit of 185503?
3
What is the thousands digit of 5839?
5
What is the tens digit of 5800?
0
What is the thousands digit of 30567?
0
What is the hundreds digit of 649?
6
What is the units digit of 64?
4
What is the tens digit of 1270?
7
What is the thousands digit of 10184?
0
What is the tens digit of 1113?
1
What is the units digit of 924?
4
What is the tens digit of 768?
6
What is the tens digit of 1336?
3
What is the tens digit of 4328?
2
What is the units digit of 802?
2
What is the hundreds digit of 28695?
6
What is the hundreds digit of 12696?
6
What is the hundreds digit of 2713?
7
What is the units digit of 267?
7
What is the units digit of 1019?
9
What is the hundreds digit of 3646?
6
What is the thousands digit of 76047?
6
What is the tens digit of 8796?
9
What is the hundreds digit of 19942?
9
What is the tens digit of 25781?
8
What is the units digit of 1660?
0
What is the tens digit of 3260?
6
What is the units digit of 182?
2
What is the units digit of 9087?
7
What is the thousands digit of 4704?
4
What is the tens digit of 144743?
4
What is the tens digit of 2111?
1
What is the hundreds digit of 1809?
8
What is the tens digit of 47302?
0
What is the hundreds digit of 1125?
1
What is the thousands digit of 75033?
5
What is the ten thousands digit of 41018?
4
What is the hundreds digit of 39170?
1
What is the units digit of 145093?
3
What is the units digit of 1384?
4
What is the thousands digit of 9502?
9
What is the tens digit of 8416?
1
What is the tens digit of 55534?
3
What is the tens digit of 11035?
3
What is the thousands digit of 92148?
2
What is the units digit of 5078?
8
What is the tens digit of 6258?
5
What is the tens digit of 1279?
7
What is the units digit of 376?
6
What is the units digit of 2261?
1
What is the hundreds digit of 2964?
9
What is the hundreds digit of 796?
7
What is the units digit of 3356?
6
What is the units digit of 9558?
8
What is the units digit of 74837?
7
What is the units digit of 18662?
2
What is the tens digit of 95?
9
What is the hundreds digit of 17209?
2
What is the tens digit of 16338?
3
What is the thousands digit of 19616?
9
What is the tens digit of 21187?
8
What is the ten thousands digit of 26355?
2
What is the units digit of 37367?
7
What is the hundreds digit of 11770?
7
What is the tens digit of 43?
4
What is the thousands digit of 24452?
4
What is the units digit of 261?
1
What is the units digit of 69092?
2
What is the tens digit of 19800?
0
What is the tens digit of 910?
1
What is the units digit of 22494?
4
What is the hundreds digit of 570?
5
What is the hundreds digit of 20676?
6
What is the units digit of 75511?
1
What is the tens digit of 512?
1
What is the thousands digit of 2612?
2
What is the tens digit of 1144?
4
What is the tens digit of 4117?
1
What is the units digit of 9385?
5
What is the units digit of 469?
9
What is the units digit of 1700?
0
What is the thousands digit of 174522?
4
What is the tens digit of 316?
1
What is the units digit of 8485?
5
What is the tens digit of 1429?
2
What is the tens digit of 207?
0
What is